21 (base 5) to base 7.
-216
5a (base 16) to base 8
132
12 (base 5) to base 3
21
0 (base 15) to base 7
0
What is -21 (base 5) in base 11?
-10
What is -3 (base 4) in base 16?
-3
Convert 1a (base 12) to base 16.
16
Convert 3 (base 5) to base 6.
3
2 (base 3) to base 14
2
Convert -e (base 16) to base 9.
-15
What is -10 (base 4) in base 3?
-11
Convert -43 (base 5) to base 7.
-32
Convert 0 (base 15) to base 8.
0
122 (base 4) to base 13
20
What is 256 (base 8) in base 13?
105
Convert 4 (base 13) to base 12.
4
What is 145 (base 7) in base 15?
57
Convert 1 (base 8) to base 6.
1
Convert -23 (base 9) to base 10.
-21
6 (base 7) to base 8
6
-302 (base 5) to base 15
-52
What is -116 (base 11) in base 14?
-9c
Convert -c (base 15) to base 3.
-110
13 (base 12) to base 15
10
Convert -111 (base 2) to base 12.
-7
130 (base 4) to base 8
34
Convert 7 (base 11) to base 10.
7
Convert 6 (base 14) to base 5.
11
What is 1 (base 15) in base 3?
1
Convert -8 (base 10) to base 5.
-13
-2 (base 4) to base 10
-2
210 (base 5) to base 3
2001
101 (base 4) to base 9
18
Convert 202 (base 6) to base 9.
82
Convert -5 (base 15) to base 5.
-10
34 (base 14) to base 16
2e
-11 (base 5) to base 4
-12
What is -388 (base 9) in base 16?
-143
What is 1042 (base 5) in base 15?
9c
Convert -3 (base 11) to base 4.
-3
Convert 9 (base 10) to base 2.
1001
-334 (base 6) to base 12
-aa
What is 136 (base 7) in base 2?
1001100
What is -3102 (base 4) in base 16?
-d2
What is 65 (base 13) in base 10?
83
-2 (base 10) to base 8
-2
-1b (base 15) to base 3
-222
Convert 20 (base 16) to base 6.
52
-27 (base 11) to base 12
-25
1 (base 11) to base 6
1
Convert 14 (base 6) to base 9.
11
-10012 (base 3) to base 15
-5b
-1 (base 10) to base 7
-1
110 (base 5) to base 4
132
Convert 41 (base 6) to base 13.
1c
What is 83 (base 9) in base 11?
69
What is -10202 (base 3) in base 15?
-6b
Convert 51 (base 6) to base 2.
11111
Convert -2 (base 10) to base 6.
-2
Convert -12 (base 15) to base 9.
-18
What is -43 (base 10) in base 8?
-53
312 (base 4) to base 15
39
-152 (base 7) to base 16
-56
Convert 13 (base 4) to base 11.
7
12 (base 15) to base 12
15
What is -10 (base 4) in base 3?
-11
Convert -1014 (base 6) to base 4.
-3202
-4 (base 16) to base 13
-4
Convert -4 (base 12) to base 3.
-11
Convert 3 (base 10) to base 7.
3
What is -10 (base 2) in base 4?
-2
-4 (base 12) to base 9
-4
59 (base 10) to base 2
111011
Convert 155 (base 6) to base 8.
107
-4 (base 11) to base 13
-4
Convert 212 (base 4) to base 14.
2a
Convert 49 (base 13) to base 7.
115
-165 (base 8) to base 13
-90
-10 (base 4) to base 5
-4
12 (base 15) to base 14
13
Convert -9 (base 13) to base 3.
-100
What is 33 (base 6) in base 3?
210
1 (base 5) to base 3
1
What is 3 (base 9) in base 5?
3
Convert 43 (base 6) to base 13.
21
What is -1 (base 6) in base 8?
-1
-23 (base 7) to base 9
-18
What is -33 (base 4) in base 3?
-120
2 (base 5) to base 6
2
-111 (base 3) to base 4
-31
Convert 4 (base 15) to base 14.
4
Convert 1 (base 7) to base 12.
1
-58 (base 12) to base 3
-2112
What is -10010 (base 3) in base 13?
-66
What is 50 (base 11) in base 3?
2001
Convert 60 (base 10) to base 15.
40
What is 406 (base 9) in base 12?
236
What is -366 (base 7) in base 4?
-3003
What is -30 (base 5) in base 8?
-17
Convert -36 (base 8) to base 14.
-22
Convert 29 (base 14) to base 12.
31
1101 (base 2) to base 14
d
What is 92 (base 16) in base 8?
222
Convert 0 (base 10) to base 2.
0
What is -13 (base 4) in base 8?
-7
Convert 3 (base 12) to base 16.
3
1 (base 3) to base 10
1
Convert 3a (base 16) to base 5.
213
What is -134 (base 12) in base 9?
-224
What is -100 (base 2) in base 10?
-4
0 (base 6) to base 2
0
100 (base 3) to base 5
14
What is 21 (base 4) in base 15?
9
What is -c (base 15) in base 3?
-110
What is -8 (base 11) in base 3?
-22
Convert -2 (base 12) to base 2.
-10
Convert -45 (base 6) to base 8.
-35
Convert -15 (base 8) to base 12.
-11
What is 312 (base 4) in base 11?
4a
Convert -202 (base 7) to base 8.
-144
Convert 6 (base 12) to base 13.
6
0 (base 13) to base 2
0
What is 113 (base 11) in base 16?
87
What is 50 (base 9) in base 3?
1200
Convert -212 (base 7) to base 3.
-10222
2 (base 5) to base 3
2
0 (base 6) to base 15
0
Convert 11 (base 2) to base 9.
3
-250 (base 7) to base 2
-10000101
Convert 224 (base 5) to base 2.
1000000
Convert 6 (base 16) to base 9.
6
Convert 3 (base 13) to base 12.
3
What is 2 (base 9) in base 11?
2
47 (base 10) to base 12
3b
What is -322 (base 7) in base 16?
-a3
What is 47 (base 16) in base 15?
4b
What is -7 (base 9) in base 2?
-111
What is -13 (base 5) in base 2?
-1000
Convert -11a (base 12) to base 8.
-246
Convert 27 (base 12) to base 8.
37
d8 (base 14) to base 13
118
-1134 (base 6) to base 3
-101011
Convert 17 (base 10) to base 16.
11
What is 1 (base 13) in base 3?
1
2 (base 3) to base 5
2
39 (base 13) to base 10
48
What is 0 (base 12) in base 6?
0
What is -b (base 14) in base 13?
-b
What is 52 (base 7) in base 12?
31
What is 2123 (base 4) in base 12?
10b
-3 (base 14) to base 13
-3
What is 38 (base 11) in base 2?
101001
Convert -10101 (base 3) to base 16.
-5b
-4 (base 5) to base 15
-4
17 (base 8) to base 16
f
What is -1 (base 15) in base 8?
-1
-22 (base 7) to base 5
-31
What is -34 (base 14) in base 4?
-232
What is -88 (base 12) in base 2?
-1101000
Convert 22 (base 10) to base 3.
211
34 (base 5) to base 8
23
74 (base 8) to base 12
50
11221 (base 4) to base 14
1bb
Convert -16 (base 9) to base 2.
-1111
Convert -17 (base 8) to base 15.
-10
What is 1 (base 7) in base 11?
1
-51 (base 14) to base 11
-65
3 (base 7) to base 2
11
What is -12 (base 14) in base 9?
-17
-87 (base 10) to base 2
-1010111
What is 0 (base 3) in base 14?
0
What is 1110 (base 3) in base 16?
27
What is -85 (base 10) in base 14?
-61
Convert -14 (base 11) to base 12.
-13
What is -2d (base 15) in base 3?
-1121
Convert 10100 (base 2) to base 13.
17
What is 1a (base 11) in base 6?
33
-30 (base 8) to base 16
-18
111 (base 2) to base 7
10
-111 (base 2) to base 12
-7
130 (base 6) to base 15
39
What is -3 (base 13) in base 2?
-11
3 (base 10) to base 2
11
Convert 10000 (base 2) to base 4.
100
1 (base 4) to base 8
1
0 (base 10) to base 3
0
d (base 15) to base 6
21
What is 1110 (base 2) in base 5?
24
a (base 15) to base 12
a
-f (base 16) to base 12
-13
What is -29 (base 12) in base 8?
-41
10010 (base 4) to base 5
2020
What is 33 (base 7) in base 4?
120
0 (base 4) to base 9
0
2 (base 5) to base 8
2
What is 33 (base 5) in base 7?
24
What is 6 (base 8) in base 6?
10
Convert 223 (base 8) to base 5.
1042
Convert -101 (base 4) to base 11.
-16
Convert -4 (base 5) to base 9.
-4
What is 2 (base 13) in base 3?
2
Convert 2 (base 3) to base 13.
2
-235 (base 9) to base 10
-194
1 (base 7) to base 9
1
What is -c (base 14) in base 4?
-30
What is -3a (base 14) in base 4?
-310
Convert 55 (base 14) to base 5.
300
Convert -17 (base 10) to base 14.
-13
What is 52 (base 11) in base 8?
71
0 (base 2) to base 8
0
115 (base 6) to base 13
38
What is 12 (base 4) in base 9?
6
Convert 101 (base 3) to base 11.
a
Convert 4 (base 15) to base 3.
11
Convert 27 (base 9) to base 14.
1b
4 (base 5) to base 12
4
Convert 0 (base 4) to base 5.
0
What is -2 (base 10) in base 2?
-10
Convert 1 (base 16) to base 13.
1
1 (base 9) to base 4
1
0 (base 10) to base 8
0
3 (base 15) to base 6
3
What is 0 (base 8) in base 9?
0
Convert 6 (base 10) to base 12.
6
-2 (base 6) to base 13
-2
34 (base 13) to base 8
53
What is -17 (base 14) in base 9?
-23
4 (base 13) to base 11
4
Convert -35 (base 15) to base 8.
-62
What is 1 (base 2) in base 14?
1
-21 (base 11) to base 3
-212
What is 17 (base 16) in base 7?
32
What is 14 (base 8) in base 6?
20
What is 5 (base 6) in base 8?
5
Convert 14 (base 7) to base 9.
12
Convert -343 (base 8) to base 11.
-197
Convert -2 (base 6) to base 9.
-2
-111011 (base 2) to base 16
-3b
-5 (base 14) to base 10
-5
-10 (base 11) to base 16
-b
-13 (base 6) to base 13
-9
Convert 0 (base 4) to base 7.
0
-d (base 15) to base 8
-15
-11110 (base 3) to base 16
-78
Convert -12 (base 13) to base 3.
-120
What is 133 (base 4) in base 2?
11111
What is -1 (base 14) in base 3?
-1
-3 (base 9) to base 5
-3
-4 (base 12) to base 15
-4
What is 0 (base 12) in base 15?
0
302 (base 4) to base 14
38
-3 (base 16) to base 14
-3
Convert 12 (base 9) to base 11.
10
356 (base 8) t